{"id":3678,"date":"2022-07-26T12:55:45","date_gmt":"2022-07-26T17:55:45","guid":{"rendered":"https:\/\/kiladesignpe.com\/?post_type=product&#038;p=3678"},"modified":"2026-03-23T16:54:26","modified_gmt":"2026-03-23T21:54:26","slug":"mesa-v","status":"publish","type":"product","link":"https:\/\/kiladesignpe.com\/?product=mesa-v","title":{"rendered":"Mesa V"},"content":{"rendered":"","protected":false},"excerpt":{"rendered":"<p>Mesa de madera maciza pino americano de 3.5 cms de espesor y base de fierro en negro mate.<\/p>\n<p>Medidas: 1.55&#215;0.80, alto 76cm.<\/p>\n<p>Una mesa moderna, resistente y de alta calidad. Su dise\u00f1o vers\u00e1til combina con cualquier estilo de decoraci\u00f3n y con diferentes tipos de sillas, convirti\u00e9ndola en el centro perfecto para compartir momentos en familia o con amigos. Para interiores o exteriores techado.<\/p>\n<p>Tiempo de entrega: 6-7 d\u00edas h\u00e1biles<\/p>\n<p>*Escr\u00edbenos si quieres personalizar medidas o tono !<\/p>\n","protected":false},"featured_media":3679,"comment_status":"open","ping_status":"closed","template":"","meta":[],"product_brand":[],"product_cat":[15],"product_tag":[],"class_list":{"0":"post-3678","1":"product","2":"type-product","3":"status-publish","4":"has-post-thumbnail","6":"product_cat-sin-categorizar","8":"first","9":"instock","10":"sale","11":"shipping-taxable","12":"purchasable","13":"product-type-simple"},"yoast_head":"<!-- This site is optimized with the Yoast SEO plugin v27.0 - https:\/\/yoast.com\/product\/yoast-seo-wordpress\/ -->\n<title>Mesa V - Kila Design Per\u00fa<\/title>\n<meta name=\"robots\" content=\"index, follow, max-snippet:-1, max-image-preview:large, max-video-preview:-1\" \/>\n<link rel=\"canonical\" href=\"https:\/\/kiladesignpe.com\/?product=mesa-v\" \/>\n<meta property=\"og:locale\" content=\"es_ES\" \/>\n<meta property=\"og:type\" content=\"article\" \/>\n<meta property=\"og:title\" content=\"Mesa V - Kila Design Per\u00fa\" \/>\n<meta property=\"og:description\" content=\"Mesa de madera maciza pino americano de 3.5 cms de espesor y base de fierro en negro mate.  Medidas: 1.55x0.80, alto 76cm.  Una mesa moderna, resistente y de alta calidad. Su dise\u00f1o vers\u00e1til combina con cualquier estilo de decoraci\u00f3n y con diferentes tipos de sillas, convirti\u00e9ndola en el centro perfecto para compartir momentos en familia o con amigos. Para interiores o exteriores techado.  Tiempo de entrega: 6-7 d\u00edas h\u00e1biles  *Escr\u00edbenos si quieres personalizar medidas o tono !\" \/>\n<meta property=\"og:url\" content=\"https:\/\/kiladesignpe.com\/?product=mesa-v\" \/>\n<meta property=\"og:site_name\" content=\"Kila Design Per\u00fa\" \/>\n<meta property=\"article:publisher\" content=\"https:\/\/www.facebook.com\/kiladesignpe\/\" \/>\n<meta property=\"article:modified_time\" content=\"2026-03-23T21:54:26+00:00\" \/>\n<meta property=\"og:image\" content=\"https:\/\/kiladesignpe.com\/wp-content\/uploads\/2022\/07\/WhatsApp-Image-2022-07-26-at-12.53.45-PM.jpeg\" \/>\n\t<meta property=\"og:image:width\" content=\"827\" \/>\n\t<meta property=\"og:image:height\" content=\"808\" \/>\n\t<meta property=\"og:image:type\" content=\"image\/jpeg\" \/>\n<meta name=\"twitter:card\" content=\"summary_large_image\" \/>\n<meta name=\"twitter:label1\" content=\"Tiempo de lectura\" \/>\n\t<meta name=\"twitter:data1\" content=\"1 minuto\" \/>\n<script type=\"application\/ld+json\" class=\"yoast-schema-graph\">{\"@context\":\"https:\/\/schema.org\",\"@graph\":[{\"@type\":\"WebPage\",\"@id\":\"https:\/\/kiladesignpe.com\/?product=mesa-v\",\"url\":\"https:\/\/kiladesignpe.com\/?product=mesa-v\",\"name\":\"Mesa V - Kila Design Per\u00fa\",\"isPartOf\":{\"@id\":\"https:\/\/kiladesignpe.com\/#website\"},\"primaryImageOfPage\":{\"@id\":\"https:\/\/kiladesignpe.com\/?product=mesa-v#primaryimage\"},\"image\":{\"@id\":\"https:\/\/kiladesignpe.com\/?product=mesa-v#primaryimage\"},\"thumbnailUrl\":\"https:\/\/kiladesignpe.com\/wp-content\/uploads\/2022\/07\/WhatsApp-Image-2022-07-26-at-12.53.45-PM.jpeg\",\"datePublished\":\"2022-07-26T17:55:45+00:00\",\"dateModified\":\"2026-03-23T21:54:26+00:00\",\"breadcrumb\":{\"@id\":\"https:\/\/kiladesignpe.com\/?product=mesa-v#breadcrumb\"},\"inLanguage\":\"es\",\"potentialAction\":[{\"@type\":\"ReadAction\",\"target\":[\"https:\/\/kiladesignpe.com\/?product=mesa-v\"]}]},{\"@type\":\"ImageObject\",\"inLanguage\":\"es\",\"@id\":\"https:\/\/kiladesignpe.com\/?product=mesa-v#primaryimage\",\"url\":\"https:\/\/kiladesignpe.com\/wp-content\/uploads\/2022\/07\/WhatsApp-Image-2022-07-26-at-12.53.45-PM.jpeg\",\"contentUrl\":\"https:\/\/kiladesignpe.com\/wp-content\/uploads\/2022\/07\/WhatsApp-Image-2022-07-26-at-12.53.45-PM.jpeg\",\"width\":827,\"height\":808},{\"@type\":\"BreadcrumbList\",\"@id\":\"https:\/\/kiladesignpe.com\/?product=mesa-v#breadcrumb\",\"itemListElement\":[{\"@type\":\"ListItem\",\"position\":1,\"name\":\"Portada\",\"item\":\"https:\/\/kiladesignpe.com\/\"},{\"@type\":\"ListItem\",\"position\":2,\"name\":\"Tienda\",\"item\":\"https:\/\/kiladesignpe.com\/?page_id=919\"},{\"@type\":\"ListItem\",\"position\":3,\"name\":\"Mesa V\"}]},{\"@type\":\"WebSite\",\"@id\":\"https:\/\/kiladesignpe.com\/#website\",\"url\":\"https:\/\/kiladesignpe.com\/\",\"name\":\"Kila Design Per\u00fa\",\"description\":\"Kila\",\"publisher\":{\"@id\":\"https:\/\/kiladesignpe.com\/#organization\"},\"alternateName\":\"Kila Design\",\"potentialAction\":[{\"@type\":\"SearchAction\",\"target\":{\"@type\":\"EntryPoint\",\"urlTemplate\":\"https:\/\/kiladesignpe.com\/?s={search_term_string}\"},\"query-input\":{\"@type\":\"PropertyValueSpecification\",\"valueRequired\":true,\"valueName\":\"search_term_string\"}}],\"inLanguage\":\"es\"},{\"@type\":\"Organization\",\"@id\":\"https:\/\/kiladesignpe.com\/#organization\",\"name\":\"Kila Design Per\u00fa\",\"url\":\"https:\/\/kiladesignpe.com\/\",\"logo\":{\"@type\":\"ImageObject\",\"inLanguage\":\"es\",\"@id\":\"https:\/\/kiladesignpe.com\/#\/schema\/logo\/image\/\",\"url\":\"https:\/\/kiladesignpe.com\/wp-content\/uploads\/2021\/10\/Logo_Kila_retina.png\",\"contentUrl\":\"https:\/\/kiladesignpe.com\/wp-content\/uploads\/2021\/10\/Logo_Kila_retina.png\",\"width\":282,\"height\":56,\"caption\":\"Kila Design Per\u00fa\"},\"image\":{\"@id\":\"https:\/\/kiladesignpe.com\/#\/schema\/logo\/image\/\"},\"sameAs\":[\"https:\/\/www.facebook.com\/kiladesignpe\/\",\"https:\/\/www.instagram.com\/kila_design_pe\/\"]}]}<\/script>\n<!-- \/ Yoast SEO plugin. -->","yoast_head_json":{"title":"Mesa V - Kila Design Per\u00fa","robots":{"index":"index","follow":"follow","max-snippet":"max-snippet:-1","max-image-preview":"max-image-preview:large","max-video-preview":"max-video-preview:-1"},"canonical":"https:\/\/kiladesignpe.com\/?product=mesa-v","og_locale":"es_ES","og_type":"article","og_title":"Mesa V - Kila Design Per\u00fa","og_description":"Mesa de madera maciza pino americano de 3.5 cms de espesor y base de fierro en negro mate.  Medidas: 1.55x0.80, alto 76cm.  Una mesa moderna, resistente y de alta calidad. Su dise\u00f1o vers\u00e1til combina con cualquier estilo de decoraci\u00f3n y con diferentes tipos de sillas, convirti\u00e9ndola en el centro perfecto para compartir momentos en familia o con amigos. Para interiores o exteriores techado.  Tiempo de entrega: 6-7 d\u00edas h\u00e1biles  *Escr\u00edbenos si quieres personalizar medidas o tono !","og_url":"https:\/\/kiladesignpe.com\/?product=mesa-v","og_site_name":"Kila Design Per\u00fa","article_publisher":"https:\/\/www.facebook.com\/kiladesignpe\/","article_modified_time":"2026-03-23T21:54:26+00:00","og_image":[{"width":827,"height":808,"url":"https:\/\/kiladesignpe.com\/wp-content\/uploads\/2022\/07\/WhatsApp-Image-2022-07-26-at-12.53.45-PM.jpeg","type":"image\/jpeg"}],"twitter_card":"summary_large_image","twitter_misc":{"Tiempo de lectura":"1 minuto"},"schema":{"@context":"https:\/\/schema.org","@graph":[{"@type":"WebPage","@id":"https:\/\/kiladesignpe.com\/?product=mesa-v","url":"https:\/\/kiladesignpe.com\/?product=mesa-v","name":"Mesa V - Kila Design Per\u00fa","isPartOf":{"@id":"https:\/\/kiladesignpe.com\/#website"},"primaryImageOfPage":{"@id":"https:\/\/kiladesignpe.com\/?product=mesa-v#primaryimage"},"image":{"@id":"https:\/\/kiladesignpe.com\/?product=mesa-v#primaryimage"},"thumbnailUrl":"https:\/\/kiladesignpe.com\/wp-content\/uploads\/2022\/07\/WhatsApp-Image-2022-07-26-at-12.53.45-PM.jpeg","datePublished":"2022-07-26T17:55:45+00:00","dateModified":"2026-03-23T21:54:26+00:00","breadcrumb":{"@id":"https:\/\/kiladesignpe.com\/?product=mesa-v#breadcrumb"},"inLanguage":"es","potentialAction":[{"@type":"ReadAction","target":["https:\/\/kiladesignpe.com\/?product=mesa-v"]}]},{"@type":"ImageObject","inLanguage":"es","@id":"https:\/\/kiladesignpe.com\/?product=mesa-v#primaryimage","url":"https:\/\/kiladesignpe.com\/wp-content\/uploads\/2022\/07\/WhatsApp-Image-2022-07-26-at-12.53.45-PM.jpeg","contentUrl":"https:\/\/kiladesignpe.com\/wp-content\/uploads\/2022\/07\/WhatsApp-Image-2022-07-26-at-12.53.45-PM.jpeg","width":827,"height":808},{"@type":"BreadcrumbList","@id":"https:\/\/kiladesignpe.com\/?product=mesa-v#breadcrumb","itemListElement":[{"@type":"ListItem","position":1,"name":"Portada","item":"https:\/\/kiladesignpe.com\/"},{"@type":"ListItem","position":2,"name":"Tienda","item":"https:\/\/kiladesignpe.com\/?page_id=919"},{"@type":"ListItem","position":3,"name":"Mesa V"}]},{"@type":"WebSite","@id":"https:\/\/kiladesignpe.com\/#website","url":"https:\/\/kiladesignpe.com\/","name":"Kila Design Per\u00fa","description":"Kila","publisher":{"@id":"https:\/\/kiladesignpe.com\/#organization"},"alternateName":"Kila Design","potentialAction":[{"@type":"SearchAction","target":{"@type":"EntryPoint","urlTemplate":"https:\/\/kiladesignpe.com\/?s={search_term_string}"},"query-input":{"@type":"PropertyValueSpecification","valueRequired":true,"valueName":"search_term_string"}}],"inLanguage":"es"},{"@type":"Organization","@id":"https:\/\/kiladesignpe.com\/#organization","name":"Kila Design Per\u00fa","url":"https:\/\/kiladesignpe.com\/","logo":{"@type":"ImageObject","inLanguage":"es","@id":"https:\/\/kiladesignpe.com\/#\/schema\/logo\/image\/","url":"https:\/\/kiladesignpe.com\/wp-content\/uploads\/2021\/10\/Logo_Kila_retina.png","contentUrl":"https:\/\/kiladesignpe.com\/wp-content\/uploads\/2021\/10\/Logo_Kila_retina.png","width":282,"height":56,"caption":"Kila Design Per\u00fa"},"image":{"@id":"https:\/\/kiladesignpe.com\/#\/schema\/logo\/image\/"},"sameAs":["https:\/\/www.facebook.com\/kiladesignpe\/","https:\/\/www.instagram.com\/kila_design_pe\/"]}]}},"_links":{"self":[{"href":"https:\/\/kiladesignpe.com\/index.php?rest_route=\/wp\/v2\/product\/3678","targetHints":{"allow":["GET"]}}],"collection":[{"href":"https:\/\/kiladesignpe.com\/index.php?rest_route=\/wp\/v2\/product"}],"about":[{"href":"https:\/\/kiladesignpe.com\/index.php?rest_route=\/wp\/v2\/types\/product"}],"replies":[{"embeddable":true,"href":"https:\/\/kiladesignpe.com\/index.php?rest_route=%2Fwp%2Fv2%2Fcomments&post=3678"}],"wp:featuredmedia":[{"embeddable":true,"href":"https:\/\/kiladesignpe.com\/index.php?rest_route=\/wp\/v2\/media\/3679"}],"wp:attachment":[{"href":"https:\/\/kiladesignpe.com\/index.php?rest_route=%2Fwp%2Fv2%2Fmedia&parent=3678"}],"wp:term":[{"taxonomy":"product_brand","embeddable":true,"href":"https:\/\/kiladesignpe.com\/index.php?rest_route=%2Fwp%2Fv2%2Fproduct_brand&post=3678"},{"taxonomy":"product_cat","embeddable":true,"href":"https:\/\/kiladesignpe.com\/index.php?rest_route=%2Fwp%2Fv2%2Fproduct_cat&post=3678"},{"taxonomy":"product_tag","embeddable":true,"href":"https:\/\/kiladesignpe.com\/index.php?rest_route=%2Fwp%2Fv2%2Fproduct_tag&post=3678"}],"curies":[{"name":"wp","href":"https:\/\/api.w.org\/{rel}","templated":true}]}}