{"id":3949,"date":"2023-11-06T11:06:11","date_gmt":"2023-11-06T16:06:11","guid":{"rendered":"https:\/\/kiladesignpe.com\/?post_type=product&#038;p=3949"},"modified":"2026-03-05T12:11:38","modified_gmt":"2026-03-05T17:11:38","slug":"3949","status":"publish","type":"product","link":"https:\/\/kiladesignpe.com\/?product=3949","title":{"rendered":"SILLA NI NUDE"},"content":{"rendered":"","protected":false},"excerpt":{"rendered":"<p>Silla de estructura a base de madera , tapizada en tela color gris claro. Un dise\u00f1o ergon\u00f3mico que ofrece comodidad y soporte. Su estructura resistente asegura durabilidad, mientras que el tapizado aporta calidez y elegancia, adapt\u00e1ndose f\u00e1cilmente a diferentes estilos de mesa y decoraci\u00f3n.<\/p>\n<p>Medidas:<\/p>\n<p>Alto total :85 cm<\/p>\n<p>Alto de piso al asiento: 48cm<\/p>\n<p>Ancho : 50 cms<\/p>\n<p>Fondo :50 cms<\/p>\n<p>Tiempo de entrega: 7-8 d\u00edas h\u00e1biles<\/p>\n<p>*Escr\u00edbenos si quieres personalizar el tono !<\/p>\n<p>&nbsp;<\/p>\n","protected":false},"featured_media":3951,"comment_status":"open","ping_status":"closed","template":"","meta":[],"product_brand":[],"product_cat":[15],"product_tag":[],"class_list":{"0":"post-3949","1":"product","2":"type-product","3":"status-publish","4":"has-post-thumbnail","6":"product_cat-sin-categorizar","8":"first","9":"instock","10":"shipping-taxable","11":"purchasable","12":"product-type-simple"},"yoast_head":"<!-- This site is optimized with the Yoast SEO plugin v27.0 - https:\/\/yoast.com\/product\/yoast-seo-wordpress\/ -->\n<title>SILLA NI NUDE - Kila Design Per\u00fa<\/title>\n<meta name=\"robots\" content=\"index, follow, max-snippet:-1, max-image-preview:large, max-video-preview:-1\" \/>\n<link rel=\"canonical\" href=\"https:\/\/kiladesignpe.com\/?product=3949\" \/>\n<meta property=\"og:locale\" content=\"es_ES\" \/>\n<meta property=\"og:type\" content=\"article\" \/>\n<meta property=\"og:title\" content=\"SILLA NI NUDE - Kila Design Per\u00fa\" \/>\n<meta property=\"og:description\" content=\"Silla de estructura a base de madera , tapizada en tela color gris claro. Un dise\u00f1o ergon\u00f3mico que ofrece comodidad y soporte. Su estructura resistente asegura durabilidad, mientras que el tapizado aporta calidez y elegancia, adapt\u00e1ndose f\u00e1cilmente a diferentes estilos de mesa y decoraci\u00f3n.  Medidas:  Alto total :85 cm  Alto de piso al asiento: 48cm  Ancho : 50 cms  Fondo :50 cms  Tiempo de entrega: 7-8 d\u00edas h\u00e1biles  *Escr\u00edbenos si quieres personalizar el tono !  &nbsp;\" \/>\n<meta property=\"og:url\" content=\"https:\/\/kiladesignpe.com\/?product=3949\" \/>\n<meta property=\"og:site_name\" content=\"Kila Design Per\u00fa\" \/>\n<meta property=\"article:publisher\" content=\"https:\/\/www.facebook.com\/kiladesignpe\/\" \/>\n<meta property=\"article:modified_time\" content=\"2026-03-05T17:11:38+00:00\" \/>\n<meta property=\"og:image\" content=\"https:\/\/kiladesignpe.com\/wp-content\/uploads\/2023\/11\/Imagen17.png\" \/>\n\t<meta property=\"og:image:width\" content=\"1500\" \/>\n\t<meta property=\"og:image:height\" content=\"1500\" \/>\n\t<meta property=\"og:image:type\" content=\"image\/png\" \/>\n<meta name=\"twitter:card\" content=\"summary_large_image\" \/>\n<meta name=\"twitter:label1\" content=\"Tiempo de lectura\" \/>\n\t<meta name=\"twitter:data1\" content=\"1 minuto\" \/>\n<script type=\"application\/ld+json\" class=\"yoast-schema-graph\">{\"@context\":\"https:\/\/schema.org\",\"@graph\":[{\"@type\":\"WebPage\",\"@id\":\"https:\/\/kiladesignpe.com\/?product=3949\",\"url\":\"https:\/\/kiladesignpe.com\/?product=3949\",\"name\":\"SILLA NI NUDE - Kila Design Per\u00fa\",\"isPartOf\":{\"@id\":\"https:\/\/kiladesignpe.com\/#website\"},\"primaryImageOfPage\":{\"@id\":\"https:\/\/kiladesignpe.com\/?product=3949#primaryimage\"},\"image\":{\"@id\":\"https:\/\/kiladesignpe.com\/?product=3949#primaryimage\"},\"thumbnailUrl\":\"https:\/\/kiladesignpe.com\/wp-content\/uploads\/2023\/11\/Imagen17.png\",\"datePublished\":\"2023-11-06T16:06:11+00:00\",\"dateModified\":\"2026-03-05T17:11:38+00:00\",\"breadcrumb\":{\"@id\":\"https:\/\/kiladesignpe.com\/?product=3949#breadcrumb\"},\"inLanguage\":\"es\",\"potentialAction\":[{\"@type\":\"ReadAction\",\"target\":[\"https:\/\/kiladesignpe.com\/?product=3949\"]}]},{\"@type\":\"ImageObject\",\"inLanguage\":\"es\",\"@id\":\"https:\/\/kiladesignpe.com\/?product=3949#primaryimage\",\"url\":\"https:\/\/kiladesignpe.com\/wp-content\/uploads\/2023\/11\/Imagen17.png\",\"contentUrl\":\"https:\/\/kiladesignpe.com\/wp-content\/uploads\/2023\/11\/Imagen17.png\",\"width\":1500,\"height\":1500},{\"@type\":\"BreadcrumbList\",\"@id\":\"https:\/\/kiladesignpe.com\/?product=3949#breadcrumb\",\"itemListElement\":[{\"@type\":\"ListItem\",\"position\":1,\"name\":\"Portada\",\"item\":\"https:\/\/kiladesignpe.com\/\"},{\"@type\":\"ListItem\",\"position\":2,\"name\":\"Tienda\",\"item\":\"https:\/\/kiladesignpe.com\/?page_id=919\"},{\"@type\":\"ListItem\",\"position\":3,\"name\":\"SILLA NI NUDE\"}]},{\"@type\":\"WebSite\",\"@id\":\"https:\/\/kiladesignpe.com\/#website\",\"url\":\"https:\/\/kiladesignpe.com\/\",\"name\":\"Kila Design Per\u00fa\",\"description\":\"Kila\",\"publisher\":{\"@id\":\"https:\/\/kiladesignpe.com\/#organization\"},\"alternateName\":\"Kila Design\",\"potentialAction\":[{\"@type\":\"SearchAction\",\"target\":{\"@type\":\"EntryPoint\",\"urlTemplate\":\"https:\/\/kiladesignpe.com\/?s={search_term_string}\"},\"query-input\":{\"@type\":\"PropertyValueSpecification\",\"valueRequired\":true,\"valueName\":\"search_term_string\"}}],\"inLanguage\":\"es\"},{\"@type\":\"Organization\",\"@id\":\"https:\/\/kiladesignpe.com\/#organization\",\"name\":\"Kila Design Per\u00fa\",\"url\":\"https:\/\/kiladesignpe.com\/\",\"logo\":{\"@type\":\"ImageObject\",\"inLanguage\":\"es\",\"@id\":\"https:\/\/kiladesignpe.com\/#\/schema\/logo\/image\/\",\"url\":\"https:\/\/kiladesignpe.com\/wp-content\/uploads\/2021\/10\/Logo_Kila_retina.png\",\"contentUrl\":\"https:\/\/kiladesignpe.com\/wp-content\/uploads\/2021\/10\/Logo_Kila_retina.png\",\"width\":282,\"height\":56,\"caption\":\"Kila Design Per\u00fa\"},\"image\":{\"@id\":\"https:\/\/kiladesignpe.com\/#\/schema\/logo\/image\/\"},\"sameAs\":[\"https:\/\/www.facebook.com\/kiladesignpe\/\",\"https:\/\/www.instagram.com\/kila_design_pe\/\"]}]}<\/script>\n<!-- \/ Yoast SEO plugin. -->","yoast_head_json":{"title":"SILLA NI NUDE - Kila Design Per\u00fa","robots":{"index":"index","follow":"follow","max-snippet":"max-snippet:-1","max-image-preview":"max-image-preview:large","max-video-preview":"max-video-preview:-1"},"canonical":"https:\/\/kiladesignpe.com\/?product=3949","og_locale":"es_ES","og_type":"article","og_title":"SILLA NI NUDE - Kila Design Per\u00fa","og_description":"Silla de estructura a base de madera , tapizada en tela color gris claro. Un dise\u00f1o ergon\u00f3mico que ofrece comodidad y soporte. Su estructura resistente asegura durabilidad, mientras que el tapizado aporta calidez y elegancia, adapt\u00e1ndose f\u00e1cilmente a diferentes estilos de mesa y decoraci\u00f3n.  Medidas:  Alto total :85 cm  Alto de piso al asiento: 48cm  Ancho : 50 cms  Fondo :50 cms  Tiempo de entrega: 7-8 d\u00edas h\u00e1biles  *Escr\u00edbenos si quieres personalizar el tono !  &nbsp;","og_url":"https:\/\/kiladesignpe.com\/?product=3949","og_site_name":"Kila Design Per\u00fa","article_publisher":"https:\/\/www.facebook.com\/kiladesignpe\/","article_modified_time":"2026-03-05T17:11:38+00:00","og_image":[{"width":1500,"height":1500,"url":"https:\/\/kiladesignpe.com\/wp-content\/uploads\/2023\/11\/Imagen17.png","type":"image\/png"}],"twitter_card":"summary_large_image","twitter_misc":{"Tiempo de lectura":"1 minuto"},"schema":{"@context":"https:\/\/schema.org","@graph":[{"@type":"WebPage","@id":"https:\/\/kiladesignpe.com\/?product=3949","url":"https:\/\/kiladesignpe.com\/?product=3949","name":"SILLA NI NUDE - Kila Design Per\u00fa","isPartOf":{"@id":"https:\/\/kiladesignpe.com\/#website"},"primaryImageOfPage":{"@id":"https:\/\/kiladesignpe.com\/?product=3949#primaryimage"},"image":{"@id":"https:\/\/kiladesignpe.com\/?product=3949#primaryimage"},"thumbnailUrl":"https:\/\/kiladesignpe.com\/wp-content\/uploads\/2023\/11\/Imagen17.png","datePublished":"2023-11-06T16:06:11+00:00","dateModified":"2026-03-05T17:11:38+00:00","breadcrumb":{"@id":"https:\/\/kiladesignpe.com\/?product=3949#breadcrumb"},"inLanguage":"es","potentialAction":[{"@type":"ReadAction","target":["https:\/\/kiladesignpe.com\/?product=3949"]}]},{"@type":"ImageObject","inLanguage":"es","@id":"https:\/\/kiladesignpe.com\/?product=3949#primaryimage","url":"https:\/\/kiladesignpe.com\/wp-content\/uploads\/2023\/11\/Imagen17.png","contentUrl":"https:\/\/kiladesignpe.com\/wp-content\/uploads\/2023\/11\/Imagen17.png","width":1500,"height":1500},{"@type":"BreadcrumbList","@id":"https:\/\/kiladesignpe.com\/?product=3949#breadcrumb","itemListElement":[{"@type":"ListItem","position":1,"name":"Portada","item":"https:\/\/kiladesignpe.com\/"},{"@type":"ListItem","position":2,"name":"Tienda","item":"https:\/\/kiladesignpe.com\/?page_id=919"},{"@type":"ListItem","position":3,"name":"SILLA NI NUDE"}]},{"@type":"WebSite","@id":"https:\/\/kiladesignpe.com\/#website","url":"https:\/\/kiladesignpe.com\/","name":"Kila Design Per\u00fa","description":"Kila","publisher":{"@id":"https:\/\/kiladesignpe.com\/#organization"},"alternateName":"Kila Design","potentialAction":[{"@type":"SearchAction","target":{"@type":"EntryPoint","urlTemplate":"https:\/\/kiladesignpe.com\/?s={search_term_string}"},"query-input":{"@type":"PropertyValueSpecification","valueRequired":true,"valueName":"search_term_string"}}],"inLanguage":"es"},{"@type":"Organization","@id":"https:\/\/kiladesignpe.com\/#organization","name":"Kila Design Per\u00fa","url":"https:\/\/kiladesignpe.com\/","logo":{"@type":"ImageObject","inLanguage":"es","@id":"https:\/\/kiladesignpe.com\/#\/schema\/logo\/image\/","url":"https:\/\/kiladesignpe.com\/wp-content\/uploads\/2021\/10\/Logo_Kila_retina.png","contentUrl":"https:\/\/kiladesignpe.com\/wp-content\/uploads\/2021\/10\/Logo_Kila_retina.png","width":282,"height":56,"caption":"Kila Design Per\u00fa"},"image":{"@id":"https:\/\/kiladesignpe.com\/#\/schema\/logo\/image\/"},"sameAs":["https:\/\/www.facebook.com\/kiladesignpe\/","https:\/\/www.instagram.com\/kila_design_pe\/"]}]}},"_links":{"self":[{"href":"https:\/\/kiladesignpe.com\/index.php?rest_route=\/wp\/v2\/product\/3949","targetHints":{"allow":["GET"]}}],"collection":[{"href":"https:\/\/kiladesignpe.com\/index.php?rest_route=\/wp\/v2\/product"}],"about":[{"href":"https:\/\/kiladesignpe.com\/index.php?rest_route=\/wp\/v2\/types\/product"}],"replies":[{"embeddable":true,"href":"https:\/\/kiladesignpe.com\/index.php?rest_route=%2Fwp%2Fv2%2Fcomments&post=3949"}],"wp:featuredmedia":[{"embeddable":true,"href":"https:\/\/kiladesignpe.com\/index.php?rest_route=\/wp\/v2\/media\/3951"}],"wp:attachment":[{"href":"https:\/\/kiladesignpe.com\/index.php?rest_route=%2Fwp%2Fv2%2Fmedia&parent=3949"}],"wp:term":[{"taxonomy":"product_brand","embeddable":true,"href":"https:\/\/kiladesignpe.com\/index.php?rest_route=%2Fwp%2Fv2%2Fproduct_brand&post=3949"},{"taxonomy":"product_cat","embeddable":true,"href":"https:\/\/kiladesignpe.com\/index.php?rest_route=%2Fwp%2Fv2%2Fproduct_cat&post=3949"},{"taxonomy":"product_tag","embeddable":true,"href":"https:\/\/kiladesignpe.com\/index.php?rest_route=%2Fwp%2Fv2%2Fproduct_tag&post=3949"}],"curies":[{"name":"wp","href":"https:\/\/api.w.org\/{rel}","templated":true}]}}